{"id":51,"date":"2019-07-14T09:09:42","date_gmt":"2019-07-14T07:09:42","guid":{"rendered":"https:\/\/marinkvankessel.nl\/?page_id=51"},"modified":"2024-11-03T15:05:33","modified_gmt":"2024-11-03T14:05:33","slug":"begeleiding-van-kinderen","status":"publish","type":"page","link":"https:\/\/marinkvankessel.nl\/index.php\/begeleiding-van-kinderen\/","title":{"rendered":"Bege\u00adlei\u00adding van kinderen"},"content":{"rendered":"\n<h3>Bege\u00adlei\u00adding bij Marink<\/h3>\n\n\n\n<p>Als een pro\u00adbleem dui\u00adde\u00adlijk in kaart is gebracht kan indien gewenst ortho\u00adpe\u00adda\u00adgo\u00adgi\u00adsche bege\u00adlei\u00adding star\u00adten. De direc\u00adte omge\u00adving van een kind wordt hier actief bij betrok\u00adken, sim\u00adpel\u00adweg omdat \u00e9\u00e9n \u00e0 twee uur bege\u00adlei\u00adding per week niet vol\u00addoen\u00adde onder\u00adsteu\u00adning kan zijn om een kind te sti\u00admu\u00adle\u00adren zich zelf\u00adstan\u00addig ver\u00adder te ont\u00adwik\u00adke\u00adlen. Van\u00aduit de gedach\u00adte van empo\u00adwer\u00adment wor\u00adden daar\u00adom de kwa\u00adli\u00adtei\u00adten van een\u00adie\u00adder die betrok\u00adken is, benut om het kind in zijn ont\u00adwik\u00adke\u00adling te ver\u00adster\u00adken. Afhan\u00adke\u00adlijk van de hulp\u00advraag en de situ\u00ada\u00adtie kan de bege\u00adlei\u00adding op ver\u00adschil\u00adlen\u00adde manie\u00adren verlopen:<\/p>\n\n\n\n<ul class=\"wp-block-list\">\n<li>gesprek\u00adken met ouders en\/of kind om uit\u00adleg te geven en oplos\u00adsin\u00adgen aan te bieden<\/li>\n\n\n\n<li>bege\u00adlei\u00adding om als ouders hand\u00advat\u00adten bij de opvoe\u00adding te krijgen<\/li>\n\n\n\n<li>bege\u00adlei\u00adding aan je kind individueel<\/li>\n\n\n\n<li>bege\u00adlei\u00adding (en advie\u00adzen) op school.  Marink wordt regel\u00adma\u00adtig gevraagd door scho\u00adlen om leer\u00adlin\u00adgen van\u00aduit een Ont\u00adwik\u00adkel Per\u00adspec\u00adtief Plan (OPP) te bege\u00adlei\u00adden. Het gaat dan meest\u00adal om com\u00adplexe hulp\u00advra\u00adgen, waar\u00adbij het gedrag in bre\u00adde zin onder\u00adsteu\u00adning behoeft. Dit betreft dan zowel het leer\u00adge\u00addrag, als het omgangs\u00adge\u00addrag en de emo\u00adtie\u00adre\u00adgu\u00adla\u00adtie. De exper\u00adti\u00adse ligt op het gebied van hoog\u00adbe\u00adgaafd\u00adheid in com\u00adbi\u00adna\u00adtie met een angst\u2011, autismespectrum\u2011, aan\u00addachts- en\/of leerstoornis.&nbsp;<\/li>\n<\/ul>\n\n\n\n<h3>Bege\u00adlei\u00adding kan gericht zijn&nbsp;op:<\/h3>\n\n\n\n<ul class=\"wp-block-list\">\n<li>Psy\u00adcho-edu\u00adca\u00adtie: jezelf leren begrij\u00adpen en meer inzicht krij\u00adgen in je eigen<br>func\u00adti\u00ado\u00adne\u00adren. Deze bege\u00adlei\u00adding wordt zowel voor kin\u00adde\u00adren als hun ouders<br>aan\u00adge\u00adbo\u00adden. Voor hoog\u00adbe\u00adgaaf\u00adde kin\u00adde\u00adren en jon\u00adge\u00adren is het een belang\u00adrij\u00adke tool<br>om geluk\u00adki\u00adger in het leven te kun\u00adnen&nbsp;staan.<\/li>\n\n\n\n<li>Emo\u00adtie\u00adre\u00adgu\u00adla\u00adtie: grip krij\u00adgen op ster\u00adke gevoe\u00adlens om onge\u00adwenst gedrag te<br>rem\u00admen en gewenst gedrag te versterken.<\/li>\n\n\n\n<li>Sti\u00admu\u00adle\u00adren van een growth mind\u00adset, door een kind te laten erva\u00adren dat het<br>alles kan leren om het zelf\u00adver\u00adtrou\u00adwen te vergroten.<\/li>\n\n\n\n<li>Soci\u00ada\u00adle vaar\u00addig\u00adhe\u00adden: hoe ga je goed om met jezelf in rela\u00adtie tot anderen?<\/li>\n\n\n\n<li>Stu\u00addie\u00advaar\u00addig\u00adhe\u00adden: hoe gebruik je je ster\u00adke kanten\/talenten het bes\u00adte om<br>effec\u00adtief stu\u00addie\u00adge\u00addrag te ont\u00adwik\u00adke\u00adlen? Hier\u00adbij wordt altijd gewerkt aan een<br>deel van het huis\u00adwerk van school om te hel\u00adpen de trans\u00adfer te maken naar ande\u00adre<br>vak\u00adken en de toet\u00adsen op school. Het ver\u00adster\u00adken van exe\u00adcu\u00adtie\u00adve func\u00adties en<br>met\u00ada\u00adcog\u00adni\u00adtie\u00adve vaar\u00addig\u00adhe\u00adden (den\u00adken over jezelf en je eigen aan\u00adpak) staat<br>hier\u00adbij centraal.<\/li>\n\n\n\n<li>Bege\u00adlei\u00adding op het gebied van tech\u00adnisch lezen en spel\u00adling, begrij\u00adpend lezen<br>of reke\u00adnen.<\/li>\n<\/ul>\n","protected":false},"excerpt":{"rendered":"<p>Bege\u00adlei\u00adding bij Marink Als een pro\u00adbleem dui\u00adde\u00adlijk in kaart is gebracht kan indien gewenst ortho\u00adpe\u00adda\u00adgo\u00adgi\u00adsche bege\u00adlei\u00adding star\u00adten. De direc\u00adte omge\u00adving van een kind wordt hier actief bij betrok\u00adken, sim\u00adpel\u00adweg omdat \u00e9\u00e9n \u00e0 twee uur bege\u00adlei\u00adding per week niet vol\u00addoen\u00adde ondersteuning<\/p>\n","protected":false},"author":1,"featured_media":635,"parent":0,"menu_order":0,"comment_status":"closed","ping_status":"closed","template":"","meta":{"wp_typography_post_enhancements_disabled":false,"footnotes":""},"class_list":["post-51","page","type-page","status-publish","has-post-thumbnail","hentry"],"aioseo_notices":[],"_links":{"self":[{"href":"https:\/\/marinkvankessel.nl\/index.php\/wp-json\/wp\/v2\/pages\/51","targetHints":{"allow":["GET"]}}],"collection":[{"href":"https:\/\/marinkvankessel.nl\/index.php\/wp-json\/wp\/v2\/pages"}],"about":[{"href":"https:\/\/marinkvankessel.nl\/index.php\/wp-json\/wp\/v2\/types\/page"}],"author":[{"embeddable":true,"href":"https:\/\/marinkvankessel.nl\/index.php\/wp-json\/wp\/v2\/users\/1"}],"replies":[{"embeddable":true,"href":"https:\/\/marinkvankessel.nl\/index.php\/wp-json\/wp\/v2\/comments?post=51"}],"version-history":[{"count":18,"href":"https:\/\/marinkvankessel.nl\/index.php\/wp-json\/wp\/v2\/pages\/51\/revisions"}],"predecessor-version":[{"id":874,"href":"https:\/\/marinkvankessel.nl\/index.php\/wp-json\/wp\/v2\/pages\/51\/revisions\/874"}],"wp:featuredmedia":[{"embeddable":true,"href":"https:\/\/marinkvankessel.nl\/index.php\/wp-json\/wp\/v2\/media\/635"}],"wp:attachment":[{"href":"https:\/\/marinkvankessel.nl\/index.php\/wp-json\/wp\/v2\/media?parent=51"}],"curies":[{"name":"wp","href":"https:\/\/api.w.org\/{rel}","templated":true}]}}